{"id":8030,"date":"2014-08-20T13:52:36","date_gmt":"2014-08-20T12:52:36","guid":{"rendered":"http:\/\/brico-afeb.com\/pt-pt\/?page_id=8030"},"modified":"2023-09-05T15:43:15","modified_gmt":"2023-09-05T14:43:15","slug":"junta-diretiva","status":"publish","type":"page","link":"https:\/\/brico-afeb.com\/pt-pt\/junta-diretiva\/","title":{"rendered":"Junta Diretiva"},"content":{"rendered":"<div class=\"wpb-content-wrapper\"><p>[vc_row padding_top=&#8221;0&#8243; padding_bottom=&#8221;0&#8243;][vc_column][rev_slider_vc alias=&#8221;fancy-header-services&#8221;][\/vc_column][\/vc_row][vc_row padding_bottom=&#8221;5&#8243;][vc_column width=&#8221;1\/4&#8243;][vc_single_image image=&#8221;26562&#8243; img_size=&#8221;224&#215;269&#8243; alignment=&#8221;center&#8221;][vc_column_text lead=&#8221;yes&#8221; font_size=&#8221;12&#8243;]<\/p>\n<p style=\"text-align: center;\"><strong>Carlos Mart\u00edn<\/strong><\/p>\n<p style=\"text-align: center;\">Diretor Geral WD40<\/p>\n<p style=\"text-align: center;\"><em><strong>Presidente da AFEB<\/strong><u><\/u><\/em><\/p>\n<p>[\/vc_column_text][\/vc_column][vc_column width=&#8221;1\/4&#8243;][vc_single_image image=&#8221;18311&#8243; img_size=&#8221;224&#215;269&#8243; alignment=&#8221;center&#8221;][vc_column_text lead=&#8221;yes&#8221; font_size=&#8221;12&#8243;]<\/p>\n<p style=\"text-align: center;\"><strong>Olga Fuertes<br \/>\n<\/strong>CEO Montana Colors<br \/>\n<strong><em>Vice-Presidenta da AFEB<\/em><\/strong><\/p>\n<p>[\/vc_column_text][\/vc_column][vc_column width=&#8221;1\/4&#8243;][vc_single_image image=&#8221;24434&#8243; img_size=&#8221;224&#215;269&#8243; alignment=&#8221;center&#8221;][vc_column_text lead=&#8221;yes&#8221; font_size=&#8221;12&#8243;]<\/p>\n<p style=\"text-align: center;\"><strong>Carlos del Pi\u00f1al<br \/>\n<\/strong>Diretor Geral Espanha e Portugal Husqvarna Group Division Consumer<br \/>\n<strong><em>Tesoureiro Junta Diretiva da AFEB<\/em><\/strong><\/p>\n<p>[\/vc_column_text][\/vc_column][vc_column width=&#8221;1\/4&#8243;][vc_single_image image=&#8221;24418&#8243; img_size=&#8221;224&#215;269&#8243; alignment=&#8221;center&#8221;][vc_column_text]<\/p>\n<p style=\"text-align: center;\"><strong>\u00cd\u00f1igo Garc\u00eda<\/strong><\/p>\n<p style=\"text-align: center;\">Gerente de Neg\u00f3cios Festool Spain<\/p>\n<p style=\"text-align: center;\"><em><strong>Vogal da Junta Diretiva da AFEB<\/strong><u><\/u><\/em><\/p>\n<p>[\/vc_column_text][\/vc_column][\/vc_row][vc_row padding_top=&#8221;5&#8243; padding_bottom=&#8221;0&#8243;][vc_column width=&#8221;1\/4&#8243;][vc_single_image image=&#8221;18296&#8243; img_size=&#8221;224&#215;269&#8243; alignment=&#8221;center&#8221;][vc_column_text lead=&#8221;yes&#8221; font_size=&#8221;12&#8243;]<\/p>\n<p style=\"text-align: center;\"><strong>C\u00e9sar Navarro<br \/>\n<\/strong>Presidente Grupo Cintacor &#8211; StorPlanet<br \/>\n<em><strong>Vogal da Junta Directiva da AFEB<\/strong><u><\/u><\/em><\/p>\n<p>\u00a0[\/vc_column_text][\/vc_column][vc_column width=&#8221;1\/4&#8243;][vc_single_image image=&#8221;24421&#8243; img_size=&#8221;224&#215;269&#8243; alignment=&#8221;center&#8221;][vc_column_text lead=&#8221;yes&#8221; font_size=&#8221;12&#8243;]<\/p>\n<p style=\"text-align: center;\"><strong>Juan Pedro Resino<br \/>\n<\/strong>Country Manager Iberia Wolfcraft<br \/>\n<strong><em>Vogal da Junta Diretiva da AFEB<\/em><\/strong><\/p>\n<p>[\/vc_column_text][\/vc_column][vc_column width=&#8221;1\/4&#8243;][vc_single_image image=&#8221;18290&#8243; img_size=&#8221;224&#215;269&#8243; alignment=&#8221;center&#8221;][vc_column_text lead=&#8221;yes&#8221; font_size=&#8221;12&#8243;]<\/p>\n<p style=\"text-align: center;\"><strong>Marta Omedes<\/strong><br \/>\nGerente Associa\u00e7\u00e3o<br \/>\n<em><strong>Secret\u00e1ria Geral da AFEB<\/strong><br \/>\n<\/em><\/p>\n<p>[\/vc_column_text][\/vc_column][\/vc_row]<\/p>\n<\/div>","protected":false},"excerpt":{"rendered":"<p>[vc_row padding_top=&#8221;0&#8243; padding_bottom=&#8221;0&#8243;][vc_column][rev_slider_vc alias=&#8221;fancy-header-services&#8221;][\/vc_column][\/vc_row][vc_row padding_bottom=&#8221;5&#8243;][vc_column width=&#8221;1\/4&#8243;][vc_single_image image=&#8221;26562&#8243; img_size=&#8221;224&#215;269&#8243; alignment=&#8221;center&#8221;][vc_column_text lead=&#8221;yes&#8221; font_size=&#8221;12&#8243;] Carlos Mart\u00edn Diretor Geral WD40 Presidente da AFEB [\/vc_column_text][\/vc_column][vc_column width=&#8221;1\/4&#8243;][vc_single_image image=&#8221;18311&#8243; img_size=&#8221;224&#215;269&#8243; alignment=&#8221;center&#8221;][vc_column_text lead=&#8221;yes&#8221; font_size=&#8221;12&#8243;] Olga Fuertes CEO Montana Colors Vice-Presidenta da AFEB [\/vc_column_text][\/vc_column][vc_column width=&#8221;1\/4&#8243;][vc_single_image image=&#8221;24434&#8243; img_size=&#8221;224&#215;269&#8243; alignment=&#8221;center&#8221;][vc_column_text lead=&#8221;yes&#8221; font_size=&#8221;12&#8243;] Carlos del Pi\u00f1al Diretor Geral Espanha e Portugal Husqvarna Group Division Consumer Tesoureiro Junta Diretiva da AFEB [\/vc_column_text][\/vc_column][vc_column width=&#8221;1\/4&#8243;][vc_single_image [&hellip;]<\/p>\n","protected":false},"author":1,"featured_media":0,"parent":0,"menu_order":0,"comment_status":"open","ping_status":"closed","template":"page-templates\/full-width.php","meta":[],"acf":[],"yoast_head":"<!-- This site is optimized with the Yoast SEO plugin v20.9 - https:\/\/yoast.com\/wordpress\/plugins\/seo\/ -->\n<title>Junta Diretiva - brico-afeb.com<\/title>\n<meta name=\"robots\" content=\"index, follow, max-snippet:-1, max-image-preview:large, max-video-preview:-1\" \/>\n<link rel=\"canonical\" href=\"https:\/\/brico-afeb.com\/pt-pt\/junta-diretiva\/\" \/>\n<meta property=\"og:locale\" content=\"pt_PT\" \/>\n<meta property=\"og:type\" content=\"article\" \/>\n<meta property=\"og:title\" content=\"Junta Diretiva - brico-afeb.com\" \/>\n<meta property=\"og:description\" content=\"[vc_row padding_top=&#8221;0&#8243; padding_bottom=&#8221;0&#8243;][vc_column][rev_slider_vc alias=&#8221;fancy-header-services&#8221;][\/vc_column][\/vc_row][vc_row padding_bottom=&#8221;5&#8243;][vc_column width=&#8221;1\/4&#8243;][vc_single_image image=&#8221;26562&#8243; img_size=&#8221;224&#215;269&#8243; alignment=&#8221;center&#8221;][vc_column_text lead=&#8221;yes&#8221; font_size=&#8221;12&#8243;] Carlos Mart\u00edn Diretor Geral WD40 Presidente da AFEB [\/vc_column_text][\/vc_column][vc_column width=&#8221;1\/4&#8243;][vc_single_image image=&#8221;18311&#8243; img_size=&#8221;224&#215;269&#8243; alignment=&#8221;center&#8221;][vc_column_text lead=&#8221;yes&#8221; font_size=&#8221;12&#8243;] Olga Fuertes CEO Montana Colors Vice-Presidenta da AFEB [\/vc_column_text][\/vc_column][vc_column width=&#8221;1\/4&#8243;][vc_single_image image=&#8221;24434&#8243; img_size=&#8221;224&#215;269&#8243; alignment=&#8221;center&#8221;][vc_column_text lead=&#8221;yes&#8221; font_size=&#8221;12&#8243;] Carlos del Pi\u00f1al Diretor Geral Espanha e Portugal Husqvarna Group Division Consumer Tesoureiro Junta Diretiva da AFEB [\/vc_column_text][\/vc_column][vc_column width=&#8221;1\/4&#8243;][vc_single_image [&hellip;]\" \/>\n<meta property=\"og:url\" content=\"https:\/\/brico-afeb.com\/pt-pt\/junta-diretiva\/\" \/>\n<meta property=\"og:site_name\" content=\"brico-afeb.com\" \/>\n<meta property=\"article:modified_time\" content=\"2023-09-05T14:43:15+00:00\" \/>\n<meta name=\"twitter:card\" content=\"summary_large_image\" \/>\n<meta name=\"twitter:label1\" content=\"Tempo estimado de leitura\" \/>\n\t<meta name=\"twitter:data1\" content=\"1 minuto\" \/>\n<script type=\"application\/ld+json\" class=\"yoast-schema-graph\">{\"@context\":\"https:\/\/schema.org\",\"@graph\":[{\"@type\":\"WebPage\",\"@id\":\"https:\/\/brico-afeb.com\/pt-pt\/junta-diretiva\/\",\"url\":\"https:\/\/brico-afeb.com\/pt-pt\/junta-diretiva\/\",\"name\":\"Junta Diretiva - brico-afeb.com\",\"isPartOf\":{\"@id\":\"https:\/\/brico-afeb.com\/pt-pt\/#website\"},\"datePublished\":\"2014-08-20T12:52:36+00:00\",\"dateModified\":\"2023-09-05T14:43:15+00:00\",\"breadcrumb\":{\"@id\":\"https:\/\/brico-afeb.com\/pt-pt\/junta-diretiva\/#breadcrumb\"},\"inLanguage\":\"pt-PT\",\"potentialAction\":[{\"@type\":\"ReadAction\",\"target\":[\"https:\/\/brico-afeb.com\/pt-pt\/junta-diretiva\/\"]}]},{\"@type\":\"BreadcrumbList\",\"@id\":\"https:\/\/brico-afeb.com\/pt-pt\/junta-diretiva\/#breadcrumb\",\"itemListElement\":[{\"@type\":\"ListItem\",\"position\":1,\"name\":\"Portada\",\"item\":\"https:\/\/brico-afeb.com\/pt-pt\/\"},{\"@type\":\"ListItem\",\"position\":2,\"name\":\"Junta Diretiva\"}]},{\"@type\":\"WebSite\",\"@id\":\"https:\/\/brico-afeb.com\/pt-pt\/#website\",\"url\":\"https:\/\/brico-afeb.com\/pt-pt\/\",\"name\":\"brico-afeb.com\",\"description\":\"Asociaci\u00f3n de Fabricantes de Bricolaje y Ferreter\u00eda\",\"potentialAction\":[{\"@type\":\"SearchAction\",\"target\":{\"@type\":\"EntryPoint\",\"urlTemplate\":\"https:\/\/brico-afeb.com\/pt-pt\/?s={search_term_string}\"},\"query-input\":\"required name=search_term_string\"}],\"inLanguage\":\"pt-PT\"}]}<\/script>\n<!-- \/ Yoast SEO plugin. -->","yoast_head_json":{"title":"Junta Diretiva - brico-afeb.com","robots":{"index":"index","follow":"follow","max-snippet":"max-snippet:-1","max-image-preview":"max-image-preview:large","max-video-preview":"max-video-preview:-1"},"canonical":"https:\/\/brico-afeb.com\/pt-pt\/junta-diretiva\/","og_locale":"pt_PT","og_type":"article","og_title":"Junta Diretiva - brico-afeb.com","og_description":"[vc_row padding_top=&#8221;0&#8243; padding_bottom=&#8221;0&#8243;][vc_column][rev_slider_vc alias=&#8221;fancy-header-services&#8221;][\/vc_column][\/vc_row][vc_row padding_bottom=&#8221;5&#8243;][vc_column width=&#8221;1\/4&#8243;][vc_single_image image=&#8221;26562&#8243; img_size=&#8221;224&#215;269&#8243; alignment=&#8221;center&#8221;][vc_column_text lead=&#8221;yes&#8221; font_size=&#8221;12&#8243;] Carlos Mart\u00edn Diretor Geral WD40 Presidente da AFEB [\/vc_column_text][\/vc_column][vc_column width=&#8221;1\/4&#8243;][vc_single_image image=&#8221;18311&#8243; img_size=&#8221;224&#215;269&#8243; alignment=&#8221;center&#8221;][vc_column_text lead=&#8221;yes&#8221; font_size=&#8221;12&#8243;] Olga Fuertes CEO Montana Colors Vice-Presidenta da AFEB [\/vc_column_text][\/vc_column][vc_column width=&#8221;1\/4&#8243;][vc_single_image image=&#8221;24434&#8243; img_size=&#8221;224&#215;269&#8243; alignment=&#8221;center&#8221;][vc_column_text lead=&#8221;yes&#8221; font_size=&#8221;12&#8243;] Carlos del Pi\u00f1al Diretor Geral Espanha e Portugal Husqvarna Group Division Consumer Tesoureiro Junta Diretiva da AFEB [\/vc_column_text][\/vc_column][vc_column width=&#8221;1\/4&#8243;][vc_single_image [&hellip;]","og_url":"https:\/\/brico-afeb.com\/pt-pt\/junta-diretiva\/","og_site_name":"brico-afeb.com","article_modified_time":"2023-09-05T14:43:15+00:00","twitter_card":"summary_large_image","twitter_misc":{"Tempo estimado de leitura":"1 minuto"},"schema":{"@context":"https:\/\/schema.org","@graph":[{"@type":"WebPage","@id":"https:\/\/brico-afeb.com\/pt-pt\/junta-diretiva\/","url":"https:\/\/brico-afeb.com\/pt-pt\/junta-diretiva\/","name":"Junta Diretiva - brico-afeb.com","isPartOf":{"@id":"https:\/\/brico-afeb.com\/pt-pt\/#website"},"datePublished":"2014-08-20T12:52:36+00:00","dateModified":"2023-09-05T14:43:15+00:00","breadcrumb":{"@id":"https:\/\/brico-afeb.com\/pt-pt\/junta-diretiva\/#breadcrumb"},"inLanguage":"pt-PT","potentialAction":[{"@type":"ReadAction","target":["https:\/\/brico-afeb.com\/pt-pt\/junta-diretiva\/"]}]},{"@type":"BreadcrumbList","@id":"https:\/\/brico-afeb.com\/pt-pt\/junta-diretiva\/#breadcrumb","itemListElement":[{"@type":"ListItem","position":1,"name":"Portada","item":"https:\/\/brico-afeb.com\/pt-pt\/"},{"@type":"ListItem","position":2,"name":"Junta Diretiva"}]},{"@type":"WebSite","@id":"https:\/\/brico-afeb.com\/pt-pt\/#website","url":"https:\/\/brico-afeb.com\/pt-pt\/","name":"brico-afeb.com","description":"Asociaci\u00f3n de Fabricantes de Bricolaje y Ferreter\u00eda","potentialAction":[{"@type":"SearchAction","target":{"@type":"EntryPoint","urlTemplate":"https:\/\/brico-afeb.com\/pt-pt\/?s={search_term_string}"},"query-input":"required name=search_term_string"}],"inLanguage":"pt-PT"}]}},"_links":{"self":[{"href":"https:\/\/brico-afeb.com\/pt-pt\/wp-json\/wp\/v2\/pages\/8030"}],"collection":[{"href":"https:\/\/brico-afeb.com\/pt-pt\/wp-json\/wp\/v2\/pages"}],"about":[{"href":"https:\/\/brico-afeb.com\/pt-pt\/wp-json\/wp\/v2\/types\/page"}],"author":[{"embeddable":true,"href":"https:\/\/brico-afeb.com\/pt-pt\/wp-json\/wp\/v2\/users\/1"}],"replies":[{"embeddable":true,"href":"https:\/\/brico-afeb.com\/pt-pt\/wp-json\/wp\/v2\/comments?post=8030"}],"version-history":[{"count":3,"href":"https:\/\/brico-afeb.com\/pt-pt\/wp-json\/wp\/v2\/pages\/8030\/revisions"}],"predecessor-version":[{"id":27026,"href":"https:\/\/brico-afeb.com\/pt-pt\/wp-json\/wp\/v2\/pages\/8030\/revisions\/27026"}],"wp:attachment":[{"href":"https:\/\/brico-afeb.com\/pt-pt\/wp-json\/wp\/v2\/media?parent=8030"}],"curies":[{"name":"wp","href":"https:\/\/api.w.org\/{rel}","templated":true}]}}

<div class="wpb-content-wrapper"><p>[vc_row padding_top=&#8221;0&#8243; padding_bottom=&#8221;0&#8243;][vc_column][rev_slider_vc alias=&#8221;fancy-header-services&#8221;][/vc_column][/vc_row][vc_row padding_bottom=&#8221;5&#8243;][vc_column width=&#8221;1/4&#8243;][vc_single_image image=&#8221;26562&#8243; img_size=&#8221;224&#215;269&#8243; alignment=&#8221;center&#8221;][vc_column_text lead=&#8221;yes&#8221; font_size=&#8221;12&#8243;]</p>
<p style="text-align: center;"><strong>Carlos Martín</strong></p>
<p style="text-align: center;">Diretor Geral WD40</p>
<p style="text-align: center;"><em><strong>Presidente da AFEB</strong><u></u></em></p>
<p>[/vc_column_text][/vc_column][vc_column width=&#8221;1/4&#8243;][vc_single_image image=&#8221;18311&#8243; img_size=&#8221;224&#215;269&#8243; alignment=&#8221;center&#8221;][vc_column_text lead=&#8221;yes&#8221; font_size=&#8221;12&#8243;]</p>
<p style="text-align: center;"><strong>Olga Fuertes<br />
</strong>CEO Montana Colors<br />
<strong><em>Vice-Presidenta da AFEB</em></strong></p>
<p>[/vc_column_text][/vc_column][vc_column width=&#8221;1/4&#8243;][vc_single_image image=&#8221;24434&#8243; img_size=&#8221;224&#215;269&#8243; alignment=&#8221;center&#8221;][vc_column_text lead=&#8221;yes&#8221; font_size=&#8221;12&#8243;]</p>
<p style="text-align: center;"><strong>Carlos del Piñal<br />
</strong>Diretor Geral Espanha e Portugal Husqvarna Group Division Consumer<br />
<strong><em>Tesoureiro Junta Diretiva da AFEB</em></strong></p>
<p>[/vc_column_text][/vc_column][vc_column width=&#8221;1/4&#8243;][vc_single_image image=&#8221;24418&#8243; img_size=&#8221;224&#215;269&#8243; alignment=&#8221;center&#8221;][vc_column_text]</p>
<p style="text-align: center;"><strong>Íñigo García</strong></p>
<p style="text-align: center;">Gerente de Negócios Festool Spain</p>
<p style="text-align: center;"><em><strong>Vogal da Junta Diretiva da AFEB</strong><u></u></em></p>
<p>[/vc_column_text][/vc_column][/vc_row][vc_row padding_top=&#8221;5&#8243; padding_bottom=&#8221;0&#8243;][vc_column width=&#8221;1/4&#8243;][vc_single_image image=&#8221;18296&#8243; img_size=&#8221;224&#215;269&#8243; alignment=&#8221;center&#8221;][vc_column_text lead=&#8221;yes&#8221; font_size=&#8221;12&#8243;]</p>
<p style="text-align: center;"><strong>César Navarro<br />
</strong>Presidente Grupo Cintacor &#8211; StorPlanet<br />
<em><strong>Vogal da Junta Directiva da AFEB</strong><u></u></em></p>
<p> [/vc_column_text][/vc_column][vc_column width=&#8221;1/4&#8243;][vc_single_image image=&#8221;24421&#8243; img_size=&#8221;224&#215;269&#8243; alignment=&#8221;center&#8221;][vc_column_text lead=&#8221;yes&#8221; font_size=&#8221;12&#8243;]</p>
<p style="text-align: center;"><strong>Juan Pedro Resino<br />
</strong>Country Manager Iberia Wolfcraft<br />
<strong><em>Vogal da Junta Diretiva da AFEB</em></strong></p>
<p>[/vc_column_text][/vc_column][vc_column width=&#8221;1/4&#8243;][vc_single_image image=&#8221;18290&#8243; img_size=&#8221;224&#215;269&#8243; alignment=&#8221;center&#8221;][vc_column_text lead=&#8221;yes&#8221; font_size=&#8221;12&#8243;]</p>
<p style="text-align: center;"><strong>Marta Omedes</strong><br />
Gerente Associação<br />
<em><strong>Secretária Geral da AFEB</strong><br />
</em></p>
<p>[/vc_column_text][/vc_column][/vc_row]</p>
</div>

<p>[vc_row padding_top=&#8221;0&#8243; padding_bottom=&#8221;0&#8243;][vc_column][rev_slider_vc alias=&#8221;fancy-header-services&#8221;][/vc_column][/vc_row][vc_row padding_bottom=&#8221;5&#8243;][vc_column width=&#8221;1/4&#8243;][vc_single_image image=&#8221;26562&#8243; img_size=&#8221;224&#215;269&#8243; alignment=&#8221;center&#8221;][vc_column_text lead=&#8221;yes&#8221; font_size=&#8221;12&#8243;] Carlos Martín Diretor Geral WD40 Presidente da AFEB [/vc_column_text][/vc_column][vc_column width=&#8221;1/4&#8243;][vc_single_image image=&#8221;18311&#8243; img_size=&#8221;224&#215;269&#8243; alignment=&#8221;center&#8221;][vc_column_text lead=&#8221;yes&#8221; font_size=&#8221;12&#8243;] Olga Fuertes CEO Montana Colors Vice-Presidenta da AFEB [/vc_column_text][/vc_column][vc_column width=&#8221;1/4&#8243;][vc_single_image image=&#8221;24434&#8243; img_size=&#8221;224&#215;269&#8243; alignment=&#8221;center&#8221;][vc_column_text lead=&#8221;yes&#8221; font_size=&#8221;12&#8243;] Carlos del Piñal Diretor Geral Espanha e Portugal Husqvarna Group Division Consumer Tesoureiro Junta Diretiva da AFEB [/vc_column_text][/vc_column][vc_column width=&#8221;1/4&#8243;][vc_single_image [&hellip;]</p>

<!-- This site is optimized with the Yoast SEO plugin v20.9 - https://yoast.com/wordpress/plugins/seo/ -->
<title>Junta Diretiva - brico-afeb.com</title>
<meta name="robots" content="index, follow, max-snippet:-1, max-image-preview:large, max-video-preview:-1" />
<link rel="canonical" href="https://brico-afeb.com/pt-pt/junta-diretiva/" />
<meta property="og:locale" content="pt_PT" />
<meta property="og:type" content="article" />
<meta property="og:title" content="Junta Diretiva - brico-afeb.com" />
<meta property="og:description" content="[vc_row padding_top=&#8221;0&#8243; padding_bottom=&#8221;0&#8243;][vc_column][rev_slider_vc alias=&#8221;fancy-header-services&#8221;][/vc_column][/vc_row][vc_row padding_bottom=&#8221;5&#8243;][vc_column width=&#8221;1/4&#8243;][vc_single_image image=&#8221;26562&#8243; img_size=&#8221;224&#215;269&#8243; alignment=&#8221;center&#8221;][vc_column_text lead=&#8221;yes&#8221; font_size=&#8221;12&#8243;] Carlos Martín Diretor Geral WD40 Presidente da AFEB [/vc_column_text][/vc_column][vc_column width=&#8221;1/4&#8243;][vc_single_image image=&#8221;18311&#8243; img_size=&#8221;224&#215;269&#8243; alignment=&#8221;center&#8221;][vc_column_text lead=&#8221;yes&#8221; font_size=&#8221;12&#8243;] Olga Fuertes CEO Montana Colors Vice-Presidenta da AFEB [/vc_column_text][/vc_column][vc_column width=&#8221;1/4&#8243;][vc_single_image image=&#8221;24434&#8243; img_size=&#8221;224&#215;269&#8243; alignment=&#8221;center&#8221;][vc_column_text lead=&#8221;yes&#8221; font_size=&#8221;12&#8243;] Carlos del Piñal Diretor Geral Espanha e Portugal Husqvarna Group Division Consumer Tesoureiro Junta Diretiva da AFEB [/vc_column_text][/vc_column][vc_column width=&#8221;1/4&#8243;][vc_single_image [&hellip;]" />
<meta property="og:url" content="https://brico-afeb.com/pt-pt/junta-diretiva/" />
<meta property="og:site_name" content="brico-afeb.com" />
<meta property="article:modified_time" content="2023-09-05T14:43:15+00:00" />
<meta name="twitter:card" content="summary_large_image" />
<meta name="twitter:label1" content="Tempo estimado de leitura" />
	<meta name="twitter:data1" content="1 minuto" />
<script type="application/ld+json" class="yoast-schema-graph">{"@context":"https://schema.org","@graph":[{"@type":"WebPage","@id":"https://brico-afeb.com/pt-pt/junta-diretiva/","url":"https://brico-afeb.com/pt-pt/junta-diretiva/","name":"Junta Diretiva - brico-afeb.com","isPartOf":{"@id":"https://brico-afeb.com/pt-pt/#website"},"datePublished":"2014-08-20T12:52:36+00:00","dateModified":"2023-09-05T14:43:15+00:00","breadcrumb":{"@id":"https://brico-afeb.com/pt-pt/junta-diretiva/#breadcrumb"},"inLanguage":"pt-PT","potentialAction":[{"@type":"ReadAction","target":["https://brico-afeb.com/pt-pt/junta-diretiva/"]}]},{"@type":"BreadcrumbList","@id":"https://brico-afeb.com/pt-pt/junta-diretiva/#breadcrumb","itemListElement":[{"@type":"ListItem","position":1,"name":"Portada","item":"https://brico-afeb.com/pt-pt/"},{"@type":"ListItem","position":2,"name":"Junta Diretiva"}]},{"@type":"WebSite","@id":"https://brico-afeb.com/pt-pt/#website","url":"https://brico-afeb.com/pt-pt/","name":"brico-afeb.com","description":"Asociación de Fabricantes de Bricolaje y Ferretería","potentialAction":[{"@type":"SearchAction","target":{"@type":"EntryPoint","urlTemplate":"https://brico-afeb.com/pt-pt/?s={search_term_string}"},"query-input":"required name=search_term_string"}],"inLanguage":"pt-PT"}]}</script>
<!-- / Yoast SEO plugin. -->

[vc_row padding_top=&#8221;0&#8243; padding_bottom=&#8221;0&#8243;][vc_column][rev_slider_vc alias=&#8221;fancy-header-services&#8221;][/vc_column][/vc_row][vc_row padding_bottom=&#8221;5&#8243;][vc_column width=&#8221;1/4&#8243;][vc_single_image image=&#8221;26562&#8243; img_size=&#8221;224&#215;269&#8243; alignment=&#8221;center&#8221;][vc_column_text lead=&#8221;yes&#8221; font_size=&#8221;12&#8243;] Carlos Martín Diretor Geral WD40 Presidente da AFEB [/vc_column_text][/vc_column][vc_column width=&#8221;1/4&#8243;][vc_single_image image=&#8221;18311&#8243; img_size=&#8221;224&#215;269&#8243; alignment=&#8221;center&#8221;][vc_column_text lead=&#8221;yes&#8221; font_size=&#8221;12&#8243;] Olga Fuertes CEO Montana Colors Vice-Presidenta da AFEB [/vc_column_text][/vc_column][vc_column width=&#8221;1/4&#8243;][vc_single_image image=&#8221;24434&#8243; img_size=&#8221;224&#215;269&#8243; alignment=&#8221;center&#8221;][vc_column_text lead=&#8221;yes&#8221; font_size=&#8221;12&#8243;] Carlos del Piñal Diretor Geral Espanha e Portugal Husqvarna Group Division Consumer Tesoureiro Junta Diretiva da AFEB [/vc_column_text][/vc_column][vc_column width=&#8221;1/4&#8243;][vc_single_image [&hellip;]

Asociación de Fabricantes de Bricolaje y Ferretería
